01017 composite?
True
Is 5359 a composite number?
True
Is 80839 composite?
True
Is 1861 composite?
False
Is 1159 a composite number?
True
Is 193277 composite?
True
Is 130483 prime?
True
Is 11545 a composite number?
True
Is 92951 a prime number?
True
Is 8563 composite?
False
Is 275263 composite?
False
Is 1685 prime?
False
Is 170855 a composite number?
True
Is 4121 composite?
True
Is 37165 prime?
False
Is 58141 a composite number?
True
Is 60527 prime?
True
Is 178973 a prime number?
True
Is 11587 a prime number?
True
Is 70427 a prime number?
False
Is 189403 composite?
True
Is 1023911 prime?
False
Is 39001 composite?
True
Is 1225645 prime?
False
Is 6817 composite?
True
Is 24193 composite?
True
Is 3341 prime?
False
Is 51929 composite?
False
Is 400811 a composite number?
True
Is 33199 prime?
True
Is 10963 a composite number?
True
Is 4237 a prime number?
False
Is 122981 composite?
True
Is 57433 composite?
True
Is 831211 a composite number?
True
Is 9661 a composite number?
False
Is 170615 a composite number?
True
Is 4347263 prime?
True
Is 38029 a composite number?
True
Is 3497671 a composite number?
False
Is 1277 a composite number?
False
Is 392783 prime?
False
Is 29242 prime?
False
Is 764969 a prime number?
True
Is 28591 a composite number?
False
Is 38693 composite?
False
Is 12421 prime?
True
Is 26899 composite?
True
Is 18637 a composite number?
False
Is 542879 composite?
True
Is 109937 a prime number?
True
Is 80877 prime?
False
Is 17317 composite?
False
Is 2659493 composite?
False
Is 9211 a prime number?
False
Is 135767 a prime number?
False
Is 350513 a composite number?
True
Is 2159 a composite number?
True
Is 530011 prime?
False
Is 10751 composite?
True
Is 451138 composite?
True
Is 855947 a composite number?
False
Is 111119 prime?
True
Is 28115 prime?
False
Is 48707 composite?
True
Is 181157 composite?
False
Is 80439 composite?
True
Is 19553 a prime number?
True
Is 84857 a composite number?
False
Is 16729 a prime number?
True
Is 7349 a prime number?
True
Is 53113 prime?
True
Is 631 composite?
False
Is 1106531 composite?
False
Is 490183 composite?
False
Is 511051 a composite number?
True
Is 56521 a composite number?
True
Is 1496543 composite?
False
Is 2469 a prime number?
False
Is 4297 a composite number?
False
Is 286763 a prime number?
True
Is 6389 a composite number?
False
Is 3491 a prime number?
True
Is 819691 composite?
False
Is 23281 a prime number?
False
Is 13499 a prime number?
True
Is 5353 a composite number?
True
Is 38297 prime?
False
Is 75821 composite?
False
Is 3924719 composite?
False
Is 586 prime?
False
Is 441971 a composite number?
False
Is 3347 composite?
False
Is 1651679 composite?
True
Is 241789 a prime number?
False
Is 21763 a composite number?
True
Is 57131 prime?
True
Is 708007 prime?
True
Is 1058647 prime?
False
Is 82939 composite?
False
Is 291457 composite?
False
Is 49299 a composite number?
True
Is 21769 composite?
True
Is 21439 a prime number?
False
Is 4849 prime?
False
Is 474863 prime?
False
Is 4258 a prime number?
False
Is 68687 composite?
False
Is 11311 composite?
False
Is 380417 prime?
True
Is 37321 a prime number?
True
Is 9517 composite?
True
Is 48199 a composite number?
True
Is 57329 a prime number?
True
Is 617347 a prime number?
False
Is 3803 prime?
True
Is 109789 prime?
True
Is 362137 a composite number?
False
Is 13897 composite?
True
Is 3643169 a composite number?
True
Is 1757 prime?
False
Is 122497 a composite number?
False
Is 830894 a prime number?
False
Is 4799 prime?
True
Is 647329 a composite number?
True
Is 446 prime?
False
Is 144051 a prime number?
False
Is 150899 composite?
True
Is 438013 a composite number?
True
Is 4306 prime?
False
Is 278297 a composite number?
True
Is 40693 prime?
True
Is 854629 a composite number?
False
Is 3163 a composite number?
False
Is 564761 a composite number?
False
Is 1141901 composite?
False
Is 1029057 composite?
True
Is 476579 a composite number?
False
Is 365089 composite?
False
Is 501838 prime?
False
Is 416989 a composite number?
False
Is 60641 a composite number?
True
Is 18539 composite?
False
Is 92339 a prime number?
False
Is 94759 prime?
False
Is 452443 composite?
False
Is 337099 prime?
False
Is 1213 composite?
False
Is 5627 a prime number?
False
Is 310533 composite?
True
Is 1325533 prime?
False
Is 1916431 a composite number?
True
Is 793666 a prime number?
False
Is 19709 a composite number?
False
Is 83 a prime number?
True
Is 9239 a prime number?
True
Is 334751 a prime number?
True
Is 56299 a composite number?
False
Is 64661 composite?
False
Is 19207 a prime number?
True
Is 53647 composite?
True
Is 4049 a prime number?
True
Is 17533 a prime number?
False
Is 42799 composite?
True
Is 478963 a prime number?
True
Is 1168673 composite?
True
Is 2250881 a prime number?
False
Is 688502 composite?
True
Is 22821 prime?
False
Is 312887 a composite number?
False
Is 58391 a composite number?
False
Is 763771 a composite number?
False
Is 2893 composite?
True
Is 83557 prime?
True
Is 144661 a composite number?
True
Is 135151 prime?
True
Is 10961 prime?
False
Is 50057 a composite number?
True
Is 247951 a prime number?
False
Is 2203 a prime number?
True
Is 4751 prime?
True
Is 279362 prime?
False
Is 3943 a prime number?
True
Is 89 a composite number?
False
Is 38431 a composite number?
False
Is 170953 prime?
True
Is 2138791 a composite number?
True
Is 2143729 prime?
False
Is 37033 a prime number?
False
Is 9655 prime?
False
Is 40901 a composite number?
True
Is 61255 a prime number?
False
Is 39821 a prime number?
True
Is 37667 a composite number?
True
Is 14983 prime?
True
Is 1446751 prime?
False
Is 22189 prime?
True
Is 697 composite?
True
Is 1031 a prime number?
True
Is 342917 composite?
True
Is 995 prime?
False
Is 128026 composite?
True
Is 202441 composite?
False
Is 263267 a prime number?
True
Is 8659 a prime number?
False
Is 1345 a prime number?
False
Is 1831607 prime?
False
Is 110599 a prime number?
False
Is 463 a prime number?
True
Is 212003 a prime number?
False
Is 2330117 a composite number?
False
Is 11963 a prime number?
False
Is 4691 a prime number?
True
Is 285661 composite?
False
Is 338617 composite?
True
Is 124951 composite?
False
Is 13781 prime?
True
Is 23801 prime?
True
Is 59263 prime?
True
Is 18593 prime?
True
Is 113347 composite?
True
Is 116089 a composite number?
False
Is 7393 a composite number?
False
Is 459593 a prime number?
True
Is 416294 a prime number?
False
Is 260263 a prime number?
True
Is 3631 a composite number?
False
Is 536887 composite?
True
Is 67909 a composite number?
True
Is 971 a composite number?
False
Is 68857 a composite number?
True
Is 448303 a prime number?
True
Is 5923 composite?
False
Is 14969 composite?
False
Is 2429 prime?
False
Is 14281 a composite number?
False
Is 308283 a prime number?
False
Is 35813 a composite number?
True
Is 1131446 a prime number?
False
Is 40381 a prime number?
False
Is 1361 a prime number?
True
Is 14437 prime?
True
Is 724879 a composite number?
False
Is 88981 composite?
True
Is 4201 a composite number?
False
Is 1061 prime?
True
Is 195373 a prime number?
False
Is 967 composite?
False
Is 36667 prime?
False
Is 92021 a composite number?
True
Is 66169 prime?
True
Is 50701 composite?
True
Is 7234 a prime number?
False
Is 50321 a prime number?
True
Is 40163 prime?
True
Is 42893 a prime number?
False
Is 2189 composite?
True
Is 23515 prime?
False
Is 144691 a composite number?
True
Is 48863 prime?
False
Is 24257 a prime number?
False
Is 430207 composite?
True
Is 61961 prime?
True
Is 1567 composite?
False
Is 79297 composite?
True
Is 2062 a composite number?
True
Is 259 a composite number?
True
Is 1051397 a prime number?
True
Is 20993 composite?
True
Is 6379 prime?
True
Is 6679 a composite number?
False
Is 38401 prime?
False
Is 2149 composite?
True
Is 14401 prime?
True
Is 52477 prime?
False
Is 13479 a composite number?
True
Is 205063 a prime number?
True
Is 442363 a prime number?
True
Is 3455 composite?
True
Is 73109 composite?
True
Is 49717 a composite number?
True
Is 8749 prime?
False
Is 51235 composite?
True
Is 3833 a prime number?
True
Is 6563 prime?
True
Is 32869 a prime number?
True
Is 47227 prime?
False
Is 39541 prime?
True
Is 571282 a prime number?
False
Is 5969 prime?
False
Is 2455 a prime number?
False
Is 6911 composite?
False
Is 